1 (base 13) to base 10.
-1
Convert -10 (base 4) to base 13.
-4
75 (base 13) to base 2
1100000
What is bb (base 13) in base 12?
10a
Convert -7 (base 14) to base 6.
-11
What is 13 (base 10) in base 5?
23
Convert 3 (base 12) to base 16.
3
Convert -2 (base 6) to base 9.
-2
2 (base 15) to base 9
2
What is 1100 (base 2) in base 14?
c
Convert -12 (base 6) to base 4.
-20
Convert -8 (base 14) to base 15.
-8
What is 47 (base 8) in base 7?
54
Convert -2a (base 14) to base 12.
-32
What is -3 (base 11) in base 10?
-3
18a (base 13) to base 5
2113
-54 (base 10) to base 2
-110110
What is -101 (base 2) in base 11?
-5
Convert 72 (base 8) to base 7.
112
47 (base 11) to base 16
33
-1 (base 16) to base 13
-1
What is -4 (base 13) in base 3?
-11
1 (base 13) to base 5
1
What is 2 (base 9) in base 3?
2
Convert 426 (base 8) to base 4.
10112
-2 (base 14) to base 7
-2
Convert -10 (base 16) to base 4.
-100
-7 (base 11) to base 9
-7
-523 (base 6) to base 12
-143
Convert -1 (base 14) to base 11.
-1
9 (base 16) to base 15
9
-40 (base 13) to base 7
-103
What is 2 (base 3) in base 12?
2
-3d (base 16) to base 2
-111101
What is 2 (base 14) in base 9?
2
Convert 3 (base 10) to base 9.
3
Convert -1 (base 12) to base 7.
-1
What is 2 (base 7) in base 5?
2
What is 43 (base 14) in base 7?
113
What is 0 (base 3) in base 6?
0
22 (base 3) to base 4
20
What is -33 (base 15) in base 8?
-60
Convert -61 (base 9) to base 12.
-47
What is 1001 (base 2) in base 4?
21
62 (base 14) to base 11
79
Convert 44 (base 6) to base 2.
11100
What is -3 (base 15) in base 9?
-3
Convert 1 (base 7) to base 16.
1
1 (base 6) to base 10
1
-61 (base 10) to base 4
-331
2 (base 5) to base 12
2
Convert 0 (base 3) to base 15.
0
-110 (base 2) to base 12
-6
-89 (base 13) to base 12
-95
-3 (base 14) to base 11
-3
What is -120 (base 3) in base 16?
-f
What is 2 (base 7) in base 8?
2
Convert -30 (base 10) to base 5.
-110
-b (base 15) to base 5
-21
-2 (base 11) to base 3
-2
11 (base 2) to base 15
3
144 (base 7) to base 11
74
What is 0 (base 8) in base 5?
0
Convert 1010 (base 2) to base 16.
a
Convert 258 (base 9) to base 7.
425
What is 20 (base 7) in base 8?
16
Convert 110 (base 2) to base 8.
6
-3210 (base 4) to base 14
-124
-1 (base 9) to base 13
-1
What is 9 (base 15) in base 11?
9
What is 1 (base 13) in base 9?
1
1 (base 2) to base 16
1
Convert -3 (base 15) to base 14.
-3
What is 2 (base 13) in base 16?
2
-5b (base 13) to base 6
-204
60 (base 7) to base 13
33
Convert c0 (base 14) to base 11.
143
-313 (base 5) to base 6
-215
-11000 (base 2) to base 5
-44
What is 6 (base 13) in base 16?
6
Convert 18 (base 11) to base 12.
17
Convert 31 (base 13) to base 14.
2c
Convert -5 (base 14) to base 3.
-12
Convert 10001 (base 2) to base 9.
18
What is 3 (base 14) in base 8?
3
What is 4 (base 5) in base 12?
4
-6 (base 16) to base 2
-110
Convert 2102 (base 3) to base 12.
55
What is 34 (base 8) in base 10?
28
What is -34 (base 8) in base 7?
-40
535 (base 8) to base 15
184
25a (base 11) to base 6
1231
-12 (base 5) to base 7
-10
Convert 14 (base 6) to base 15.
a
-10 (base 15) to base 13
-12
What is 121 (base 3) in base 14?
12
Convert 3 (base 14) to base 5.
3
What is 0 (base 10) in base 3?
0
-13 (base 5) to base 10
-8
What is -c2 (base 14) in base 6?
-442
Convert -42 (base 7) to base 10.
-30
-1 (base 11) to base 7
-1
What is 1 (base 16) in base 6?
1
Convert -de (base 16) to base 8.
-336
-201 (base 4) to base 5
-113
-10011 (base 2) to base 3
-201
20020 (base 3) to base 2
10101000
-130 (base 6) to base 4
-312
What is -1c (base 14) in base 10?
-26
-4f (base 16) to base 12
-67
2 (base 13) to base 6
2
220 (base 3) to base 5
44
What is -442 (base 6) in base 5?
-1140
-d (base 15) to base 7
-16
Convert 6 (base 9) to base 11.
6
What is 1122 (base 3) in base 2?
101100
Convert 6 (base 7) to base 3.
20
What is 13 (base 14) in base 12?
15
Convert 0 (base 4) to base 12.
0
114 (base 5) to base 15
24
-1 (base 7) to base 16
-1
What is 15 (base 12) in base 14?
13
Convert -c (base 13) to base 8.
-14
What is -8a (base 14) in base 3?
-11112
Convert c1 (base 13) to base 6.
421
Convert -1 (base 15) to base 8.
-1
43 (base 11) to base 2
101111
What is -3c (base 13) in base 3?
-1220
What is -13 (base 5) in base 10?
-8
-3 (base 6) to base 8
-3
Convert -7 (base 10) to base 9.
-7
What is -1 (base 3) in base 7?
-1
What is 14 (base 7) in base 9?
12
Convert 6 (base 14) to base 8.
6
-10100011 (base 2) to base 3
-20001
-100101 (base 2) to base 4
-211
What is 100101 (base 2) in base 8?
45
-2 (base 10) to base 15
-2
-2b (base 12) to base 3
-1022
What is 1000 (base 2) in base 14?
8
Convert -175 (base 10) to base 4.
-2233
1313 (base 6) to base 10
333
What is 10010101 (base 2) in base 9?
175
What is 4c (base 16) in base 8?
114
What is -10 (base 7) in base 4?
-13
-28 (base 14) to base 10
-36
Convert 8a (base 15) to base 13.
a0
What is -75 (base 12) in base 7?
-155
Convert 13 (base 4) to base 14.
7
Convert -7a (base 11) to base 16.
-57
-5 (base 16) to base 13
-5
-2 (base 8) to base 3
-2
Convert -1 (base 12) to base 6.
-1
What is 36 (base 12) in base 11?
39
Convert -3 (base 4) to base 13.
-3
2 (base 5) to base 2
10
What is -303 (base 10) in base 15?
-153
3 (base 10) to base 14
3
What is 14 (base 5) in base 11?
9
-100101 (base 2) to base 12
-31
What is 4 (base 13) in base 8?
4
What is 3 (base 5) in base 9?
3
Convert 34 (base 9) to base 10.
31
What is 115 (base 13) in base 12?
137
Convert 41 (base 7) to base 3.
1002
What is -5 (base 6) in base 2?
-101
Convert 191 (base 12) to base 3.
100101
What is 8a (base 13) in base 5?
424
2 (base 4) to base 10
2
Convert -60 (base 7) to base 16.
-2a
-12 (base 4) to base 16
-6
What is -3002 (base 4) in base 14?
-dc
What is 2c (base 14) in base 3?
1111
1 (base 14) to base 16
1
Convert 60 (base 10) to base 5.
220
Convert 2 (base 16) to base 12.
2
What is 445 (base 7) in base 2?
11100101
Convert 15 (base 6) to base 7.
14
What is 101 (base 5) in base 13?
20
6 (base 15) to base 11
6
Convert -92 (base 13) to base 16.
-77
What is -1b (base 12) in base 8?
-27
What is 9 (base 11) in base 4?
21
What is -13 (base 6) in base 14?
-9
What is 23 (base 15) in base 6?
53
-13 (base 10) to base 2
-1101
Convert 24 (base 8) to base 7.
26
What is 11 (base 14) in base 5?
30
-2 (base 7) to base 11
-2
What is -2 (base 14) in base 16?
-2
200 (base 3) to base 5
33
Convert -10 (base 8) to base 12.
-8
What is 0 (base 13) in base 11?
0
Convert 6 (base 12) to base 13.
6
What is 3 (base 5) in base 7?
3
Convert 51 (base 7) to base 8.
44
19 (base 16) to base 10
25
Convert 2 (base 16) to base 10.
2
What is 3 (base 14) in base 6?
3
Convert -2 (base 13) to base 9.
-2
What is -3 (base 15) in base 6?
-3
What is 10 (base 3) in base 15?
3
10 (base 7) to base 6
11
Convert -50 (base 10) to base 3.
-1212
Convert 8 (base 12) to base 16.
8
Convert 283 (base 10) to base 15.
13d
What is 3 (base 13) in base 16?
3
Convert -2 (base 13) to base 14.
-2
Convert -101201 (base 3) to base 15.
-144
12 (base 11) to base 10
13
3 (base 11) to base 5
3
What is 3 (base 15) in base 9?
3
Convert -1100 (base 2) to base 8.
-14
Convert 1044 (base 6) to base 8.
364
What is 1 (base 16) in base 6?
1
Convert 2 (base 15) to base 3.
2
Convert 65 (base 12) to base 13.
5c
Convert -5 (base 8) to base 11.
-5
-1312 (base 4) to base 12
-9a
Convert -1110 (base 2) to base 3.
-112
-1032 (base 6) to base 15
-10b
Convert -12 (base 16) to base 12.
-16
What is 32 (base 5) in base 6?
25
Convert 4 (base 5) to base 11.
4
-5 (base 10) to base 2
-101
3 (base 10) to base 6
3
What is 2 (base 10) in base 3?
2
Convert -6 (base 9) to base 4.
-12
-4 (base 9) to base 2
-100
10 (base 11) to base 10
11
2 (base 14) to base 5
2
Convert -230 (base 5) to base 13.
-50
-171 (base 11) to base 10
-199
231 (base 5) to base 15
46
Convert -b (base 12) to base 6.
-15
Convert 10 (base 11) to base 2.
1011
-12 (base 8) to base 10
-10
Convert 4 (base 14) to base 9.
4
Convert 4 (base 11) to base 10.
4
-13 (base 8) to base 2
-1011
What is -39 (base 13) in base 4?
-300
Convert -220 (base 10) to base 12.
-164
What is -252 (base 13) in base 5?
-3110
-4 (base 10) to base 13
-4
Convert -1012 (base 3) to base 16.
-20
-4 (base 13) to base 7
-4
What is -115 (base 8) in base 12?
-65
Convert -1 (base 13) to base 4.
-1
Convert -11a (base 12) to base 13.
-ca
What is 208 (base 